{"id":7510,"date":"2017-11-27T17:51:47","date_gmt":"2017-12-18T12:53:12","guid":{"rendered":"https:\/\/www.simasa.com\/?post_type=product&#038;p=7510"},"modified":"2017-12-29T10:14:16","modified_gmt":"2017-12-29T10:14:16","slug":"marbre-electrolise","status":"publish","type":"product","link":"https:\/\/www.simasa.com\/fr\/producto\/marbre-electrolise\/","title":{"rendered":"Marbre Electrolis\u00e9"},"content":{"rendered":"<p>&nbsp;<\/p>\n<p>&nbsp;<\/p>\n<p>Con\u00e7u pour l&rsquo;utilisation professionelle du marbrier ou constructeur.<\/p>\n<p>Non adapt\u00e9 \u00e0 d&rsquo;autres mat\u00e9rieux.<\/p>\n<p>&nbsp;<\/p>\n<p><img loading=\"lazy\" decoding=\"async\" class=\"alignnone wp-image-7314 size-full\" src=\"https:\/\/www.simasa.com\/wp-content\/uploads\/2017\/12\/marbre-electrolise.jpg\" alt=\"\" width=\"1113\" height=\"152\" srcset=\"https:\/\/www.simasa.com\/wp-content\/uploads\/2017\/12\/marbre-electrolise.jpg 1113w, https:\/\/www.simasa.com\/wp-content\/uploads\/2017\/12\/marbre-electrolise-416x57.jpg 416w\" sizes=\"auto, (max-width: 1113px) 100vw, 1113px\" \/><\/p>\n","protected":false},"excerpt":{"rendered":"<p>Con\u00e7u pour l&rsquo;utilisation professionelle du marbrier ou constructeur. Non adapt\u00e9 \u00e0 d&rsquo;autres mat\u00e9rieux.<\/p>\n","protected":false},"featured_media":7054,"comment_status":"open","ping_status":"closed","template":"","meta":{"_acf_changed":false},"product_brand":[],"product_cat":[1799],"product_tag":[],"class_list":{"0":"post-7510","1":"product","2":"type-product","3":"status-publish","4":"has-post-thumbnail","6":"product_cat-gamme-premium","7":"pa_aplication-marbre-electrolise","8":"pa_blade-diameter-mm-3774","9":"pa_blade-diameter-mm-3777","10":"pa_blade-diameter-mm-3780","11":"pa_blade-diameter-mm-3783","13":"first","14":"instock","15":"shipping-taxable","16":"product-type-simple"},"acf":[],"yoast_head":"<!-- This site is optimized with the Yoast SEO plugin v27.4 - https:\/\/yoast.com\/product\/yoast-seo-wordpress\/ -->\n<title>- Marbre Electrolis\u00e9 | Sima<\/title>\n<meta name=\"description\" content=\"Marbre Electrolis\u00e9. Con\u00e7u pour l&#039;utilisation professionelle du marbrier ou constructeur. Non adapt\u00e9 \u00e0 d&#039;autres mat\u00e9rieux.\" \/>\n<meta name=\"robots\" content=\"noindex, follow\" \/>\n<meta property=\"og:locale\" content=\"fr_FR\" \/>\n<meta property=\"og:type\" content=\"article\" \/>\n<meta property=\"og:title\" content=\"- Marbre Electrolis\u00e9 | Sima\" \/>\n<meta property=\"og:description\" content=\"Marbre Electrolis\u00e9. Con\u00e7u pour l&#039;utilisation professionelle du marbrier ou constructeur. Non adapt\u00e9 \u00e0 d&#039;autres mat\u00e9rieux.\" \/>\n<meta property=\"og:url\" content=\"https:\/\/www.simasa.com\/fr\/producto\/marbre-electrolise\/\" \/>\n<meta property=\"og:site_name\" content=\"Sima\" \/>\n<meta property=\"article:modified_time\" content=\"2017-12-29T10:14:16+00:00\" \/>\n<meta property=\"og:image\" content=\"https:\/\/www.simasa.com\/wp-content\/uploads\/2017\/11\/Marmol-Elect-1.jpg\" \/>\n\t<meta property=\"og:image:width\" content=\"434\" \/>\n\t<meta property=\"og:image:height\" content=\"208\" \/>\n\t<meta property=\"og:image:type\" content=\"image\/jpeg\" \/>\n<meta name=\"twitter:card\" content=\"summary_large_image\" \/>\n<script type=\"application\/ld+json\" class=\"yoast-schema-graph\">{\"@context\":\"https:\\\/\\\/schema.org\",\"@graph\":[{\"@type\":\"WebPage\",\"@id\":\"https:\\\/\\\/www.simasa.com\\\/fr\\\/producto\\\/marbre-electrolise\\\/\",\"url\":\"https:\\\/\\\/www.simasa.com\\\/fr\\\/producto\\\/marbre-electrolise\\\/\",\"name\":\"- Marbre Electrolis\u00e9 | Sima\",\"isPartOf\":{\"@id\":\"https:\\\/\\\/www.simasa.com\\\/fr\\\/#website\"},\"primaryImageOfPage\":{\"@id\":\"https:\\\/\\\/www.simasa.com\\\/fr\\\/producto\\\/marbre-electrolise\\\/#primaryimage\"},\"image\":{\"@id\":\"https:\\\/\\\/www.simasa.com\\\/fr\\\/producto\\\/marbre-electrolise\\\/#primaryimage\"},\"thumbnailUrl\":\"https:\\\/\\\/www.simasa.com\\\/wp-content\\\/uploads\\\/2017\\\/11\\\/Marmol-Elect-1.jpg\",\"datePublished\":\"2017-12-18T12:53:12+00:00\",\"dateModified\":\"2017-12-29T10:14:16+00:00\",\"description\":\"Marbre Electrolis\u00e9. Con\u00e7u pour l'utilisation professionelle du marbrier ou constructeur. Non adapt\u00e9 \u00e0 d'autres mat\u00e9rieux.\",\"breadcrumb\":{\"@id\":\"https:\\\/\\\/www.simasa.com\\\/fr\\\/producto\\\/marbre-electrolise\\\/#breadcrumb\"},\"inLanguage\":\"fr-FR\",\"potentialAction\":[{\"@type\":\"ReadAction\",\"target\":[\"https:\\\/\\\/www.simasa.com\\\/fr\\\/producto\\\/marbre-electrolise\\\/\"]}]},{\"@type\":\"ImageObject\",\"inLanguage\":\"fr-FR\",\"@id\":\"https:\\\/\\\/www.simasa.com\\\/fr\\\/producto\\\/marbre-electrolise\\\/#primaryimage\",\"url\":\"https:\\\/\\\/www.simasa.com\\\/wp-content\\\/uploads\\\/2017\\\/11\\\/Marmol-Elect-1.jpg\",\"contentUrl\":\"https:\\\/\\\/www.simasa.com\\\/wp-content\\\/uploads\\\/2017\\\/11\\\/Marmol-Elect-1.jpg\",\"width\":434,\"height\":208},{\"@type\":\"BreadcrumbList\",\"@id\":\"https:\\\/\\\/www.simasa.com\\\/fr\\\/producto\\\/marbre-electrolise\\\/#breadcrumb\",\"itemListElement\":[{\"@type\":\"ListItem\",\"position\":1,\"name\":\"Inicio\",\"item\":\"https:\\\/\\\/www.simasa.com\\\/fr\\\/\"},{\"@type\":\"ListItem\",\"position\":2,\"name\":\"Catalogue\",\"item\":\"https:\\\/\\\/www.simasa.com\\\/cat-sima\\\/\"},{\"@type\":\"ListItem\",\"position\":3,\"name\":\"Marbre Electrolis\u00e9\"}]},{\"@type\":\"WebSite\",\"@id\":\"https:\\\/\\\/www.simasa.com\\\/fr\\\/#website\",\"url\":\"https:\\\/\\\/www.simasa.com\\\/fr\\\/\",\"name\":\"Sima\",\"description\":\"Fabricantes de maquinaria para la construcci\u00f3n\",\"publisher\":{\"@id\":\"https:\\\/\\\/www.simasa.com\\\/fr\\\/#organization\"},\"potentialAction\":[{\"@type\":\"SearchAction\",\"target\":{\"@type\":\"EntryPoint\",\"urlTemplate\":\"https:\\\/\\\/www.simasa.com\\\/fr\\\/?s={search_term_string}\"},\"query-input\":{\"@type\":\"PropertyValueSpecification\",\"valueRequired\":true,\"valueName\":\"search_term_string\"}}],\"inLanguage\":\"fr-FR\"},{\"@type\":\"Organization\",\"@id\":\"https:\\\/\\\/www.simasa.com\\\/fr\\\/#organization\",\"name\":\"Sima\",\"url\":\"https:\\\/\\\/www.simasa.com\\\/fr\\\/\",\"logo\":{\"@type\":\"ImageObject\",\"inLanguage\":\"fr-FR\",\"@id\":\"https:\\\/\\\/www.simasa.com\\\/fr\\\/#\\\/schema\\\/logo\\\/image\\\/\",\"url\":\"https:\\\/\\\/www.simasa.com\\\/wp-content\\\/uploads\\\/2016\\\/03\\\/logo-1.jpg\",\"contentUrl\":\"https:\\\/\\\/www.simasa.com\\\/wp-content\\\/uploads\\\/2016\\\/03\\\/logo-1.jpg\",\"width\":121,\"height\":54,\"caption\":\"Sima\"},\"image\":{\"@id\":\"https:\\\/\\\/www.simasa.com\\\/fr\\\/#\\\/schema\\\/logo\\\/image\\\/\"}}]}<\/script>\n<!-- \/ Yoast SEO plugin. -->","yoast_head_json":{"title":"- Marbre Electrolis\u00e9 | Sima","description":"Marbre Electrolis\u00e9. Con\u00e7u pour l'utilisation professionelle du marbrier ou constructeur. Non adapt\u00e9 \u00e0 d'autres mat\u00e9rieux.","robots":{"index":"noindex","follow":"follow"},"og_locale":"fr_FR","og_type":"article","og_title":"- Marbre Electrolis\u00e9 | Sima","og_description":"Marbre Electrolis\u00e9. Con\u00e7u pour l'utilisation professionelle du marbrier ou constructeur. Non adapt\u00e9 \u00e0 d'autres mat\u00e9rieux.","og_url":"https:\/\/www.simasa.com\/fr\/producto\/marbre-electrolise\/","og_site_name":"Sima","article_modified_time":"2017-12-29T10:14:16+00:00","og_image":[{"width":434,"height":208,"url":"https:\/\/www.simasa.com\/wp-content\/uploads\/2017\/11\/Marmol-Elect-1.jpg","type":"image\/jpeg"}],"twitter_card":"summary_large_image","schema":{"@context":"https:\/\/schema.org","@graph":[{"@type":"WebPage","@id":"https:\/\/www.simasa.com\/fr\/producto\/marbre-electrolise\/","url":"https:\/\/www.simasa.com\/fr\/producto\/marbre-electrolise\/","name":"- Marbre Electrolis\u00e9 | Sima","isPartOf":{"@id":"https:\/\/www.simasa.com\/fr\/#website"},"primaryImageOfPage":{"@id":"https:\/\/www.simasa.com\/fr\/producto\/marbre-electrolise\/#primaryimage"},"image":{"@id":"https:\/\/www.simasa.com\/fr\/producto\/marbre-electrolise\/#primaryimage"},"thumbnailUrl":"https:\/\/www.simasa.com\/wp-content\/uploads\/2017\/11\/Marmol-Elect-1.jpg","datePublished":"2017-12-18T12:53:12+00:00","dateModified":"2017-12-29T10:14:16+00:00","description":"Marbre Electrolis\u00e9. Con\u00e7u pour l'utilisation professionelle du marbrier ou constructeur. Non adapt\u00e9 \u00e0 d'autres mat\u00e9rieux.","breadcrumb":{"@id":"https:\/\/www.simasa.com\/fr\/producto\/marbre-electrolise\/#breadcrumb"},"inLanguage":"fr-FR","potentialAction":[{"@type":"ReadAction","target":["https:\/\/www.simasa.com\/fr\/producto\/marbre-electrolise\/"]}]},{"@type":"ImageObject","inLanguage":"fr-FR","@id":"https:\/\/www.simasa.com\/fr\/producto\/marbre-electrolise\/#primaryimage","url":"https:\/\/www.simasa.com\/wp-content\/uploads\/2017\/11\/Marmol-Elect-1.jpg","contentUrl":"https:\/\/www.simasa.com\/wp-content\/uploads\/2017\/11\/Marmol-Elect-1.jpg","width":434,"height":208},{"@type":"BreadcrumbList","@id":"https:\/\/www.simasa.com\/fr\/producto\/marbre-electrolise\/#breadcrumb","itemListElement":[{"@type":"ListItem","position":1,"name":"Inicio","item":"https:\/\/www.simasa.com\/fr\/"},{"@type":"ListItem","position":2,"name":"Catalogue","item":"https:\/\/www.simasa.com\/cat-sima\/"},{"@type":"ListItem","position":3,"name":"Marbre Electrolis\u00e9"}]},{"@type":"WebSite","@id":"https:\/\/www.simasa.com\/fr\/#website","url":"https:\/\/www.simasa.com\/fr\/","name":"Sima","description":"Fabricantes de maquinaria para la construcci\u00f3n","publisher":{"@id":"https:\/\/www.simasa.com\/fr\/#organization"},"potentialAction":[{"@type":"SearchAction","target":{"@type":"EntryPoint","urlTemplate":"https:\/\/www.simasa.com\/fr\/?s={search_term_string}"},"query-input":{"@type":"PropertyValueSpecification","valueRequired":true,"valueName":"search_term_string"}}],"inLanguage":"fr-FR"},{"@type":"Organization","@id":"https:\/\/www.simasa.com\/fr\/#organization","name":"Sima","url":"https:\/\/www.simasa.com\/fr\/","logo":{"@type":"ImageObject","inLanguage":"fr-FR","@id":"https:\/\/www.simasa.com\/fr\/#\/schema\/logo\/image\/","url":"https:\/\/www.simasa.com\/wp-content\/uploads\/2016\/03\/logo-1.jpg","contentUrl":"https:\/\/www.simasa.com\/wp-content\/uploads\/2016\/03\/logo-1.jpg","width":121,"height":54,"caption":"Sima"},"image":{"@id":"https:\/\/www.simasa.com\/fr\/#\/schema\/logo\/image\/"}}]}},"_links":{"self":[{"href":"https:\/\/www.simasa.com\/fr\/wp-json\/wp\/v2\/product\/7510","targetHints":{"allow":["GET"]}}],"collection":[{"href":"https:\/\/www.simasa.com\/fr\/wp-json\/wp\/v2\/product"}],"about":[{"href":"https:\/\/www.simasa.com\/fr\/wp-json\/wp\/v2\/types\/product"}],"replies":[{"embeddable":true,"href":"https:\/\/www.simasa.com\/fr\/wp-json\/wp\/v2\/comments?post=7510"}],"wp:featuredmedia":[{"embeddable":true,"href":"https:\/\/www.simasa.com\/fr\/wp-json\/wp\/v2\/media\/7054"}],"wp:attachment":[{"href":"https:\/\/www.simasa.com\/fr\/wp-json\/wp\/v2\/media?parent=7510"}],"wp:term":[{"taxonomy":"product_brand","embeddable":true,"href":"https:\/\/www.simasa.com\/fr\/wp-json\/wp\/v2\/product_brand?post=7510"},{"taxonomy":"product_cat","embeddable":true,"href":"https:\/\/www.simasa.com\/fr\/wp-json\/wp\/v2\/product_cat?post=7510"},{"taxonomy":"product_tag","embeddable":true,"href":"https:\/\/www.simasa.com\/fr\/wp-json\/wp\/v2\/product_tag?post=7510"}],"curies":[{"name":"wp","href":"https:\/\/api.w.org\/{rel}","templated":true}]}}

Marbre Electrolisé

<p>&nbsp;</p>
<p>&nbsp;</p>
<p>Conçu pour l&rsquo;utilisation professionelle du marbrier ou constructeur.</p>
<p>Non adapté à d&rsquo;autres matérieux.</p>
<p>&nbsp;</p>
<p><img loading="lazy" decoding="async" class="alignnone wp-image-7314 size-full" src="https://www.simasa.com/wp-content/uploads/2017/12/marbre-electrolise.jpg" alt="" width="1113" height="152" srcset="https://www.simasa.com/wp-content/uploads/2017/12/marbre-electrolise.jpg 1113w, https://www.simasa.com/wp-content/uploads/2017/12/marbre-electrolise-416x57.jpg 416w" sizes="auto, (max-width: 1113px) 100vw, 1113px" /></p>

<p>Conçu pour l&rsquo;utilisation professionelle du marbrier ou constructeur. Non adapté à d&rsquo;autres matérieux.</p>

<!-- This site is optimized with the Yoast SEO plugin v27.4 - https://yoast.com/product/yoast-seo-wordpress/ -->
<title>- Marbre Electrolisé | Sima</title>
<meta name="description" content="Marbre Electrolisé. Conçu pour l&#039;utilisation professionelle du marbrier ou constructeur. Non adapté à d&#039;autres matérieux." />
<meta name="robots" content="noindex, follow" />
<meta property="og:locale" content="fr_FR" />
<meta property="og:type" content="article" />
<meta property="og:title" content="- Marbre Electrolisé | Sima" />
<meta property="og:description" content="Marbre Electrolisé. Conçu pour l&#039;utilisation professionelle du marbrier ou constructeur. Non adapté à d&#039;autres matérieux." />
<meta property="og:url" content="https://www.simasa.com/fr/producto/marbre-electrolise/" />
<meta property="og:site_name" content="Sima" />
<meta property="article:modified_time" content="2017-12-29T10:14:16+00:00" />
<meta property="og:image" content="https://www.simasa.com/wp-content/uploads/2017/11/Marmol-Elect-1.jpg" />
	<meta property="og:image:width" content="434" />
	<meta property="og:image:height" content="208" />
	<meta property="og:image:type" content="image/jpeg" />
<meta name="twitter:card" content="summary_large_image" />
<script type="application/ld+json" class="yoast-schema-graph">{"@context":"https:\/\/schema.org","@graph":[{"@type":"WebPage","@id":"https:\/\/www.simasa.com\/fr\/producto\/marbre-electrolise\/","url":"https:\/\/www.simasa.com\/fr\/producto\/marbre-electrolise\/","name":"- Marbre Electrolisé | Sima","isPartOf":{"@id":"https:\/\/www.simasa.com\/fr\/#website"},"primaryImageOfPage":{"@id":"https:\/\/www.simasa.com\/fr\/producto\/marbre-electrolise\/#primaryimage"},"image":{"@id":"https:\/\/www.simasa.com\/fr\/producto\/marbre-electrolise\/#primaryimage"},"thumbnailUrl":"https:\/\/www.simasa.com\/wp-content\/uploads\/2017\/11\/Marmol-Elect-1.jpg","datePublished":"2017-12-18T12:53:12+00:00","dateModified":"2017-12-29T10:14:16+00:00","description":"Marbre Electrolisé. Conçu pour l'utilisation professionelle du marbrier ou constructeur. Non adapté à d'autres matérieux.","breadcrumb":{"@id":"https:\/\/www.simasa.com\/fr\/producto\/marbre-electrolise\/#breadcrumb"},"inLanguage":"fr-FR","potentialAction":[{"@type":"ReadAction","target":["https:\/\/www.simasa.com\/fr\/producto\/marbre-electrolise\/"]}]},{"@type":"ImageObject","inLanguage":"fr-FR","@id":"https:\/\/www.simasa.com\/fr\/producto\/marbre-electrolise\/#primaryimage","url":"https:\/\/www.simasa.com\/wp-content\/uploads\/2017\/11\/Marmol-Elect-1.jpg","contentUrl":"https:\/\/www.simasa.com\/wp-content\/uploads\/2017\/11\/Marmol-Elect-1.jpg","width":434,"height":208},{"@type":"BreadcrumbList","@id":"https:\/\/www.simasa.com\/fr\/producto\/marbre-electrolise\/#breadcrumb","itemListElement":[{"@type":"ListItem","position":1,"name":"Inicio","item":"https:\/\/www.simasa.com\/fr\/"},{"@type":"ListItem","position":2,"name":"Catalogue","item":"https:\/\/www.simasa.com\/cat-sima\/"},{"@type":"ListItem","position":3,"name":"Marbre Electrolisé"}]},{"@type":"WebSite","@id":"https:\/\/www.simasa.com\/fr\/#website","url":"https:\/\/www.simasa.com\/fr\/","name":"Sima","description":"Fabricantes de maquinaria para la construcción","publisher":{"@id":"https:\/\/www.simasa.com\/fr\/#organization"},"potentialAction":[{"@type":"SearchAction","target":{"@type":"EntryPoint","urlTemplate":"https:\/\/www.simasa.com\/fr\/?s={search_term_string}"},"query-input":{"@type":"PropertyValueSpecification","valueRequired":true,"valueName":"search_term_string"}}],"inLanguage":"fr-FR"},{"@type":"Organization","@id":"https:\/\/www.simasa.com\/fr\/#organization","name":"Sima","url":"https:\/\/www.simasa.com\/fr\/","logo":{"@type":"ImageObject","inLanguage":"fr-FR","@id":"https:\/\/www.simasa.com\/fr\/#\/schema\/logo\/image\/","url":"https:\/\/www.simasa.com\/wp-content\/uploads\/2016\/03\/logo-1.jpg","contentUrl":"https:\/\/www.simasa.com\/wp-content\/uploads\/2016\/03\/logo-1.jpg","width":121,"height":54,"caption":"Sima"},"image":{"@id":"https:\/\/www.simasa.com\/fr\/#\/schema\/logo\/image\/"}}]}</script>
<!-- / Yoast SEO plugin. -->

- Marbre Electrolisé | Sima

Marbre Electrolisé. Conçu pour l'utilisation professionelle du marbrier ou constructeur. Non adapté à d'autres matérieux.

Fabricantes de maquinaria para la construcción
